igit of l?
2
Suppose -3*y + 48526 = 2*w, -17*y + 22*y + 2*w = 80874. What is the units digit of y?
4
Let l(b) = 3549*b**3 - 3*b**2 - 58*b + 60. What is the units digit of l(1)?
8
Suppose -118 - 62 = -10*u. Let n be (u/(-33))/3 + 53/(-11). Let c(a) = -2*a**3 - 6*a**2 + 4*a + 4. What is the units digit of c(n)?
4
Let b(p) = -17*p**3 - 63*p**2 + 19*p - 9. What is the tens digit of b(-5)?
4
Suppose g = 0, 3*g + 10 = -2*x - 2*g. Let z be (-95)/(-25) + (-1)/x. Suppose 106 = -z*r + 542. What is the hundreds digit of r?
1
Let z be (-9)/(-4) + (-36)/144. Suppose 0 = -4*k - k + 2*h + 8, 4 = 2*k - h. Suppose -z*o - 4*q = -o - 88, -4*o - q + 412 = k. What is the tens digit of o?
0
Let t(o) = -852*o - 6594. What is the tens digit of t(-38)?
8
Let o(t) = -5*t**2 - 45*t - 7. Let u be o(-9). Let z(x) = 8*x**2 - 11*x + 20. Let k be z(u). Suppose 7*h - k = -62. What is the tens digit of h?
6
Suppose -25*c + 28*c - 9 = 0. Suppose c*l = -286 - 35. Let i = -32 - l. What is the tens digit of i?
7
Let c = 92 - 208. Let g = c + 118. Suppose 5*l = 2*y - 107, -g - 1 = l. What is the units digit of y?
6
Suppose 2*h - 675 = 5*h. Let i be (-11)/(176/24)*2920/(-12). Let w = i + h. What is the units digit of w?
0
Let d be 40/12 + (-6)/(-9). Suppose -d*a + 8 = 28. What is the units digit of -79*(4 + a) - (3 + -1)?
7
Let v = 37988 - 6436. What is the tens digit of v?
5
Suppose -2*w - 228109 = -3*y, -3*w + 59288 - 363431 = -4*y. What is the thousands digit of y?
6
Suppose -18*t - 50*t = -474640. What is the thousands digit of t?
6
What is the units digit of ((-9)/(-4)*(-1576)/10)/(13/(-65))?
3
Let m = -602 + 1342. Suppose -42*j + 79*j = m. What is the units digit of j?
0
Let a(n) = n**3 - 36*n**2 + 16*n + 64. Let b(w) = 10*w**2 + 5*w - 14. Let h be b(2). What is the tens digit of a(h)?
4
Let c(g) = g**3 + 6*g**2 - 11. Let l be c(-6). Let p be (6/4)/((66/(-12))/l). Suppose -324 = -3*a - p*k, 0 = -a + 2*a + 2*k - 103. What is the tens digit of a?
1
Suppose -5*v - 5 = -0*h + 3*h, 0 = 3*h - 4*v - 4. Suppose 13*s - 104 = -h*s. Suppose 476 = s*b - 4*b. What is the tens digit of b?
1
Suppose 29*d = 22*d + 14. Suppose 1034 = d*k - 5*g, 2*g = -4*k - k + 2556. What is the units digit of k?
2
Suppose -13 - 12 = -5*m. Suppose -3*f = -3, f + 5 = m*v - 274. What is the tens digit of v?
5
Let o(k) = k**2 - 2*k + 11. Suppose -4*f + 3*f + 5 = 0. Let w be (-12)/(-20) - 3/f. What is the tens digit of o(w)?
1
Suppose 2*h + 0*h = -4*t + 20636, -2*h = -5*t + 25795. What is the units digit of t?
9
Let a = -29 - -29. Suppose a = -8*y + 2253 - 341. Let f = y - 156. What is the units digit of f?
3
Let f(i) = 40*i - 68. Let a be f(4). Suppose 0 = -8*n - a + 4116. What is the tens digit of n?
0
Let j(w) = 7*w + 174. Let h = 91 + -68. What is the units digit of j(h)?
5
Let c = 81113 + -48113. What is the tens digit of c?
0
Suppose 20*g + 4632 = 32*g. Let s = 414 - g. What is the tens digit of s?
2
Let l be 69/15 - ((-54)/(-15) - 3). Suppose 8 - 36 = l*a. Let t(r) = -r**3 - 5*r**2 + 6*r + 13. What is the tens digit of t(a)?
6
Suppose k = 4*k - 9. Let m(p) = 79*p - 1023. Let b be m(19). Suppose b = k*g + 28. What is the tens digit of g?
5
Let f(u) = 19*u**2 - 10*u - 6. Let v(x) = -5*x + 40. Let o be v(7). What is the tens digit of f(o)?
1
What is the hundreds digit of -4 + 5 + -9 + 19316?
3
Let x(o) = 433*o**2 - 4*o + 4. Let d(s) = -37*s - 184. Let b be d(-5). What is the tens digit of x(b)?
3
Let a = -11862 + 67074. What is the units digit of a?
2
Let q be (-24)/(-15) - (-3)/(-30)*-4. Suppose 0 = q*g + 3*g + 85. What is the tens digit of (g + (1 - 1))*-5?
8
Let m = -3172 - -4634. Let p = -825 + m. What is the units digit of p?
7
Suppose -1482*s = -1487*s - 4*g + 344062, 68814 = s + g. What is the hundreds digit of s?
8
Let u = 16 - 17. Let x be (66/88)/(u/20). What is the tens digit of (-6 - 2)*x/1?
2
Suppose -4*h + 31 = -89. What is the units digit of (248/12)/(2/h)?
0
Suppose 0 = 432*o - 438*o + 324720. What is the thousands digit of o?
4
Suppose 37*i = 38*i + 3179. Let d = -2202 - i. What is the tens digit of d?
7
Let u = -2020 + 18143. What is the tens digit of u?
2
Suppose 4*b - x = -6*x - 20, 0 = -4*x. Let o(j) = -24*j - 2. Let w be o(b). Suppose 0 = -2*y + 4*y - w. What is the tens digit of y?
5
Let w(x) = 1226*x - 719. What is the hundreds digit of w(10)?
5
Let o = -18282 - -25345. What is the hundreds digit of o?
0
Let k(u) = 3*u**2 - 25*u + 66. Let t be k(6). Suppose 2*d + 3 = 3*d. Suppose 192 = d*w - t. What is the units digit of w?
2
Suppose 3*l + 0*u + 4*u - 8600 = 0, 2*u - 4 = 0. What is the units digit of l?
4
Let w = 128 - 101. Suppose -w*l = -28*l + 249. What is the tens digit of l?
4
Let t be 16*(1 - 1/4). Let s(p) = 7*p - 37. Let q(n) = 77*n - 413. Let a(h) = -5*q(h) + 56*s(h). What is the tens digit of a(t)?
7
Let d be (-78)/52*(-40)/6. Suppose 3*y - 2319 = 6*z - d*z, 9 = -3*y. What is the hundreds digit of z?
5
Let i = 221 + -61. Suppose i = 4*g - 1276. What is the units digit of g?
9
Let f(u) be the first derivative of u**4/4 + 4*u**3/3 - 5*u**2/2 + 4*u + 38. Let o be f(-5). Suppose -9*z + 1225 = -o*z. What is the units digit of z?
5
Suppose 23*o = -54 + 8. What is the tens digit of 4170/o*2/(-6)?
9
Suppose x + 29*x = -51*x + 1296000. What is the tens digit of x?
0
Suppose 0*y - z = -5*y + 3, 5*y + 5*z - 15 = 0. Let h be (y/(-2))/(8/(-48)). Suppose 3*w = -h*q + 153, -2*q + 12 = 2*q. What is the units digit of w?
8
Suppose 5*r = 5*j - 6690, -8*j = -11*j - 4*r + 3965. What is the thousands digit of j?
1
Let s(o) = -2*o**2 - 2*o + 2. Suppose -5*v - 35 = 6*n - 2*n, -32 = 4*v + 4*n. Let i be s(v). Let l = 90 + i. What is the units digit of l?
0
Suppose 128312 + 13687 = -8*v + 21*v. What is the hundreds digit of v?
9
Let z(a) = -28*a**3 + 5*a**2 + 14*a - 21. What is the thousands digit of z(-5)?
3
Suppose -2*m = -6 - 1430. Let q = 1043 - m. Suppose -k = -5*a + 343, 5*a + 0*a + 5*k = q. What is the units digit of a?
8
Suppose 0 = 14*g - 18 - 24. Suppose b - 156 = -g*m + 159, -3*b = -3*m - 921. What is the tens digit of b?
0
Let b(s) = -22*s**3 + 3*s**2 - 19*s - 60. What is the units digit of b(-9)?
2
Suppose 105 = 2*b + 3*s, 5*b + 9*s - 5*s = 259. Let i = 48 - b. What is the units digit of (16/i)/((-10)/15)?
8
Suppose 4*k - 16429 = -5*o + 2*o, -4*o - 2*k = -21902. What is the thousands digit of o?
5
Suppose 6 + 13 = -r - 5*y, 11 = r - 5*y. What is the units digit of 382*(1 - (-2)/r)?
1
Suppose 2658*x - 4*u - 8789 = 2655*x, 2*u = -10. What is the tens digit of x?
2
Let i = -8 - -24. Suppose -20*n + i*n - 544 = 0. Let h = -94 - n. What is the tens digit of h?
4
Suppose -10 = 91*o - 96*o. What is the hundreds digit of (604 - 2)/(4/o)?
3
Suppose 15*t = 4*l + 19*t - 99056, 4*l + 2*t - 99038 = 0. What is the ten thousands digit of l?
2
Let z be (-6)/3*36/24. What is the hundreds digit of z - 230*(6 - 7)?
2
What is the hundreds digit of (-2)/((-75)/300 - 14442/(-57832))?
2
Let w(s) = -5*s**3 - 20*s**2 + 19*s + 96. Let a(q) = -4*q**3 - 19*q**2 + 17*q + 93. Let n(u) = 4*a(u) - 3*w(u). What is the units digit of n(-20)?
4
Let n be 1 + -1 - (-64 - 27). Suppose 5*k - 5*f - 85 = 0, -5*k + 4*f + n = 5*f. What is the tens digit of k?
1
Let w = 78 - 40. Let s = -33 + w. Suppose 0 = -v - 2*a + 23, s*v - 5*a = 3*v + 1. What is the units digit of v?
3
Suppose 10*c + 251868 + 34167 = 5*d, 2*d - c - 114390 = 0. What is the hundreds digit of d?
1
Let t(u) = -u**2 - 29*u + 38. Let c = -84 + 57. What is the units digit of t(c)?
2
Suppose -9*q + 6*q - 3*g + 18 = 0, -2*q - 3*g = -17. Let t(j) = 975*j + 3. What is the hundreds digit of t(q)?
9
Suppose 5*g - 5*q = -1670, -q - 674 = 2*g - 0*g. What is the hundreds digit of (1206/(-21))/(72/g)?
2
Let o(a) = -a**3 + 6*a**2 - 16*a + 12353. What is the units digit of o(0)?
3
What is the thousands digit of (0/(-10 - -3) + -1)/(1/(-15024))?
5
What is the hundreds digit of (3/(5/(54920/42)))/((-3)/(-21))?
4
Let a(v) = v**2 + 8*v + 27. Let x be a(24). Suppose 1053 + x = 7*n. What is the tens digit of n?
6
Suppose -2*t + 52*h - 53*h = -111840, 223678 = 4*t + 3*h. What is the units digit of t?
1
Let y = -6 + 45. Suppose 0 = 4*s - 5*k - 399, 274 + y = 3*s - k. Let g = 168 - s. What is the units digit of g?
2
Let f(b) = b**2 + 2*b - 1. Let o be f(1). Let d(h) = 2*h**2 + 9*h - 